g + 6. What are the prime factors of d(l)?
2, 43
Suppose 830 = 4*j - 15346. What are the prime factors of j?
2, 3, 337
Let a be (-12)/(-15) + 51765/(-175). What are the prime factors of a*(-4)/40*6?
3, 59
Let q(u) = u**3 + u**2 + 6*u + 2294. Let r be q(0). Suppose -24 + 4586 = 4*i + 3*c, 0 = -2*i + 5*c + r. List the prime factors of i.
2, 571
Let c = 70 + -66. Suppose 3*y = 3*f - 969, c*f + 3*y = 742 + 571. Suppose -4*l + p + 180 = -266, -3*l + 5*p = -f. What are the prime factors of l?
2, 7
Let y(d) = 14*d - 9. Let w be y(9). Let s = -167 + w. Let b = s - -140. What are the prime factors of b?
2, 3, 5
Suppose -23*m + 204788 = -6*m + 2454. What are the prime factors of m?
2, 11, 541
Suppose 55*a - 35281 - 43160 = 146674. What are the prime factors of a?
4093
Suppose 21*i - 23*i + 32 = 0. Suppose -28*h + i*h + 2280 = 0. List the prime factors of h.
2, 5, 19
Suppose -17 = 3*f - 5, -65 = -v + 5*f. Suppose 15 + v = 2*j. What are the prime factors of ((-15)/j)/((-1)/(236/2))?
59
Let k = 313 - -152. Let i = k - 8. What are the prime factors of i?
457
Let w(u) = 16*u**2 + 2*u - 805. What are the prime factors of w(-28)?
7, 1669
Let t(f) = 1821*f**2 - 80*f - 162. List the prime factors of t(-2).
2, 11, 331
Suppose 2*t = 2*w + 10, -7 = 5*w + 5*t - 32. Suppose -2*i + 4*i - 3672 = -4*d, 5*d - i - 4590 = w. What are the prime factors of d?
2, 3, 17
Let y(m) = m**3 + 37*m**2 + 20*m + 29. List the prime factors of y(26).
3, 4793
Let h = 761 + -697. Suppose -80*c + 18576 = -h*c. What are the prime factors of c?
3, 43
Suppose -5*u + 8*u = 6. Suppose -n = -2*o + 2, -3*o - 5 = u*o - 5*n. What are the prime factors of o*(-415)/45*-3?
83
Let v(j) = 2*j**2 - 9*j - 33. Let f = 188 + -173. List the prime factors of v(f).
2, 3, 47
Let j = 363 - 364. List the prime factors of (1 - j - 3)/((-40)/5480).
137
Let k = -245 - -207. Let w = -6 - k. What are the prime factors of w?
2
Suppose q = 2*q. Let f(n) = -7 + 14 + 2*n + n - n - n. List the prime factors of f(q).
7
Let q(c) = -2*c + 2. Let n be q(-2). Suppose 2*j + 3*a + a = -26, 2*a = -n. What are the prime factors of (0 + 42 + 1)/(j/(-14))?
2, 43
Suppose 5*g = 2*r + 15, -11 - 4 = -5*g - 3*r. Suppose -g*i + 0*i = -5*q - 747, -3*i + 774 = 4*q. What are the prime factors of i?
2, 127
Let o(s) = -454*s - 6584. List the prime factors of o(-56).
2, 3, 5, 157
List the prime factors of (-2 - -8015) + 8/(-40)*-15.
2, 3, 167
Let j(k) = -135*k - 34. Suppose p = 4*v + 33 - 16, 3*p + 34 = -5*v. List the prime factors of j(v).
641
Let u(x) be the second derivative of x**5/20 - x**4/6 + x**3/6 - 19*x. Let i be u(2). Suppose 3*h = -i*h + 445. What are the prime factors of h?
89
Let f = 2 + 10. Let n = -1036 - -1254. Suppose n - f = 2*r. What are the prime factors of r?
103
Let l = 1257 + -1257. Let h(t) = t**2 - t. Let s be h(-1). Suppose 5*g - j + 0*j - 468 = l, -g + s*j = -90. What are the prime factors of g?
2, 47
Let u be ((-9)/(-15))/(3/310). Let t = 212 + -53. Let x = t - u. What are the prime factors of x?
97
List the prime factors of (-152)/228 + ((-258514)/(-6) - (-5 - -3)).
11, 3917
Suppose -4*d + 5*j - 2427 = -10235, -5891 = -3*d - 5*j. Suppose 0 = -5*c + d - 652. What are the prime factors of c?
3, 29
Let s = 169 - 28. Suppose -109*o + s = -108*o. What are the prime factors of o?
3, 47
Let o be -3*(1085/42 + 1/(-2)). Let a be (-3)/(o/(-26) + -3). Suppose -a = 4*t - 315. What are the prime factors of t?
3, 23
Suppose 0 = -3*d + 5*l + 5960, 19*d - l + 9896 = 24*d. Suppose -2*z - 1153 = -2*h + 2783, -h = 3*z - d. What are the prime factors of h?
3, 73
Let f be 9/(-6)*19/(228/(-32)). Suppose f*i - 225 = 987. List the prime factors of i.
3, 101
Suppose 2*n = -5*o - 0*o + 95, -3*n + 4*o = -85. Let g = n - 32. List the prime factors of 37 - (0/g - 2).
3, 13
Let l(v) = 680*v**2 + v - 2. Let b be l(-1). Let z = b + -327. List the prime factors of z.
2, 5, 7
Suppose 0 = 7*x - 2*x - 435. Suppose -625 = -4*w + x. List the prime factors of w.
2, 89
Suppose 4*z - 4 = -0*z, -t - 20 = 4*z. What are the prime factors of t/16*2192/(-6)?
2, 137
Suppose 0 = 4*i + 2*m - 31944, -5*i - 5*m = -10*i + 39930. Suppose 0 = -8*j + 1926 + i. List the prime factors of j.
3, 7, 59
Let h(j) = -2*j**2 + 2. Let o be h(1). Suppose o = -9*f + 57 - 210. List the prime factors of (-82 + f)*14/(-6).
3, 7, 11
Let i(r) = -r**2 + 8*r - 16. Let u be i(6). Let s(l) = -45*l - 36. Let y be s(u). What are the prime factors of 1 + 4/(-4) + y?
2, 3
Let f(u) = -3*u + 6 + 20 - 8 + 5. Let b be f(7). Suppose 50 = v - z, 0 = 3*v - b*v + 3*z - 58. What are the prime factors of v?
2, 13
Suppose 0 = -4*z + 8, -43 - 78 = -3*r + 4*z. Suppose r*p = 41*p + 2682. List the prime factors of p.
3, 149
Let w be (-93)/(-6)*16 - 3. Suppose 3*j + w = 77. What are the prime factors of j/(-6) + (-4 - 55/(-15))?
3
Let l = -630 + 1127. Let d = -189 + l. List the prime factors of d.
2, 7, 11
List the prime factors of (-6836694)/(-855) + 2/30*2/(-1).
2, 1999
Let m(h) = 3*h + 8. Let u be m(-3). List the prime factors of (u - 18/(-12))*1266.
3, 211
Let i(s) = 35*s**3 + 10*s**2 - 70*s - 44. List the prime factors of i(7).
3, 443
Suppose 7*f + 17749160 = 468*f - 21*f. What are the prime factors of f?
13, 29, 107
Let r = 45 - 34. Suppose -r*o + 12*o - 6 = 0. Suppose o*b - 245 - 1 = 0. List the prime factors of b.
41
Let z(d) = 29*d + 32 - 166*d - 83. List the prime factors of z(-8).
5, 11, 19
Let b(y) = y**3 + 38*y**2 - 36*y + 70. What are the prime factors of b(-38)?
2, 719
Let a(h) = -383 - 25*h**2 - 298 + 36*h + 622 - h**3. What are the prime factors of a(-27)?
7, 61
Let y(g) be the third derivative of 0*g - 5*g**3 + 1/5*g**5 + 0 + 1/120*g**6 + 39*g**2 + 5/12*g**4. What are the prime factors of y(-9)?
3, 41
Let u = -49 + 32. Let p be 1*-11 - (16 + u). List the prime factors of 4/(80/2868) - (-4)/p.
11, 13
Let z = 14527 - 2993. List the prime factors of z.
2, 73, 79
List the prime factors of (-12)/(-26) - 182653097/(-3289).
5, 29, 383
Let k(i) = 5*i**2 - 177*i - 192. List the prime factors of k(87).
2, 3, 3709
Let y be (-4 - 52/(-24)) + (-2)/12. Let v be (6/36*y)/((-1)/3). List the prime factors of (v + -5*1)/((-24)/492).
2, 41
Suppose 0 = -43365*r + 43364*r + 13337. List the prime factors of r.
13337
Let l(t) = -t**3 + t**2 + t + 12. Let w be l(0). Suppose w = -3*y, 54 + 133 = 3*s - 4*y. Suppose -159 - s = -3*k. What are the prime factors of k?
2, 3
Let t = 31 - 22. Suppose 2*h + 3*g = 65, 2*g - 5*g = t. Let c = 91 - h. List the prime factors of c.
2, 3
Suppose -72*l - l = -352298. What are the prime factors of l?
2, 19, 127
Suppose -4*h + 150028 = -8*k, -6*k + 5*k = 3*h - 112500. What are the prime factors of h?
37501
Let h(g) = 137*g**3 + 2*g - 1. Let d = 52 - -33. Let b = d - 84. List the prime factors of h(b).
2, 3, 23
Let i(s) = -19*s**3 - 11*s**2 - 17*s - 4. What are the prime factors of i(-7)?
3, 677
Let c(o) = 24*o**2 - 1. Let k be c(2). Suppose 0 = -k*h + 104*h - 72. List the prime factors of h.
2
Suppose -5*p - 7*p = -2*p. Suppose p = -s + 3*c + 210, -4*s - 2*c + 1066 = 156. List the prime factors of s.
3, 5
Suppose 5*k - q = 794 + 320, 0 = -2*q - 8. List the prime factors of k.
2, 3, 37
Suppose 2*s + 4 = 0, o + s - 13 = 6*o. Let m be (2502/(-15) - o) + 8/10. Let d = m + 314. What are the prime factors of d?
151
Let n be ((-8)/(-60)*-6)/(1/(-5)). Suppose 3*u - g - 8 = 0, u + g - n = -0*u. Suppose -3*d - 8 = -4*f, 0 = 2*f + u*d - 0 - 4. List the prime factors of f.
2
Suppose 0*h - 40*h - 268062 = -929902. List the prime factors of h.
2, 8273
Let b(a) = 377*a + 6421. What are the prime factors of b(77)?
2, 5, 709
Let m = 10924 - 6977. List the prime factors of m.
3947
Let z = -490 - -490. Suppose z = v + 5*j - 1228, 2*j = -v + 1055 + 173. List the prime factors of v.
2, 307
Suppose -6 - 6 = 2*l. Let a be (17/(-17))/(1/l). Let m(w) = 24*w - 19. List the prime factors of m(a).
5
Let z = 23 + -14. Suppose -677 = -z*m + 1708. List the prime factors of m.
5, 53
Let x(o) = 19*o - 9*o - 16*o + 2 + 5*o**2. Let h be x(2). Suppose -h = -2*k + 202. What are the prime factors of k?
2, 53
Suppose -5*m - 1 + 11 = 0. Suppose -m*x - 16 + 32 = 0. Suppose 0 = 3*v - 37 - x. What are the prime factors of v?
3, 5
Let f(h) = -h**2 - 29*h - 86. Let d be f(-20). Suppose -d*s + 119*s = 34725. What are the prim